{"id":973,"date":"2020-05-09T17:55:07","date_gmt":"2020-05-09T15:55:07","guid":{"rendered":"http:\/\/espaidefusta.cat\/?page_id=973"},"modified":"2022-05-27T14:14:32","modified_gmt":"2022-05-27T12:14:32","slug":"sobre-mi","status":"publish","type":"page","link":"http:\/\/espaidefusta.cat\/index.php\/sobre-mi\/","title":{"rendered":"Sobre mi"},"content":{"rendered":"\n<figure class=\"wp-block-gallery columns-1 is-cropped wp-block-gallery-1 is-layout-flex\"><ul class=\"blocks-gallery-grid\"><li class=\"blocks-gallery-item\"><figure><a href=\"http:\/\/espaidefusta.cat\/wp-content\/uploads\/2020\/05\/sabata.jpg\"><img decoding=\"async\" loading=\"lazy\" width=\"1024\" height=\"560\" src=\"http:\/\/espaidefusta.cat\/wp-content\/uploads\/2020\/05\/sabata-1024x560.jpg\" alt=\"\" data-id=\"1188\" data-full-url=\"http:\/\/espaidefusta.cat\/wp-content\/uploads\/2020\/05\/sabata.jpg\" data-link=\"http:\/\/espaidefusta.cat\/?attachment_id=1188\" class=\"wp-image-1188\" srcset=\"http:\/\/espaidefusta.cat\/wp-content\/uploads\/2020\/05\/sabata-1024x560.jpg 1024w, http:\/\/espaidefusta.cat\/wp-content\/uploads\/2020\/05\/sabata-300x164.jpg 300w, http:\/\/espaidefusta.cat\/wp-content\/uploads\/2020\/05\/sabata-768x420.jpg 768w, http:\/\/espaidefusta.cat\/wp-content\/uploads\/2020\/05\/sabata-1240x679.jpg 1240w, http:\/\/espaidefusta.cat\/wp-content\/uploads\/2020\/05\/sabata-508x278.jpg 508w, http:\/\/espaidefusta.cat\/wp-content\/uploads\/2020\/05\/sabata.jpg 1500w\" sizes=\"(max-width: 1024px) 100vw, 1024px\" \/><\/a><\/figure><\/li><\/ul><\/figure>\n\n\n\n<h4 class=\"wp-block-heading\">Em presento:<\/h4>\n\n\n\n<p>     S\u00f3c en <strong>Roger Pou Ciruelo<\/strong>.<\/p>\n\n\n\n<hr class=\"wp-block-separator is-style-wide\"\/>\n\n\n\n<p>     Aquesta web us intenta mostrar, per sobre, algunes de les feines que he fet els \u00faltims anys per tal que us ajudi a entendre com treballo i saber en qu\u00e8 us podria ser \u00fatil. Si teniu qualsevol dubte o voleu m\u00e9s informaci\u00f3 d&#8217;alguna de les feines m&#8217;ho comuniqueu per mail i en parlem.<\/p>\n\n\n\n<h4 class=\"wp-block-heading\">Qu\u00e8 faig?<\/h4>\n\n\n\n<p>     Des de fa uns anys em dedico a <strong>combinar l&#8217;arquitectura, l&#8217;interiorisme, el disseny de mobiliari i la fabricaci\u00f3 dels mobles<\/strong>. Tamb\u00e9 miro d&#8217;incorporar la il\u00b7luminaci\u00f3 als meus dissenys. I, de tant en tant, m&#8217;atreveixo amb l&#8217;obra de paleta. I, quan em criden i puc, faig de muntador a fires. <\/p>\n\n\n\n<p>     M&#8217;agrada projectar i dissenyar amb la voluntat de participar de<strong> tot el proc\u00e9s: des del full en blanc fins l&#8217;elaboraci\u00f3 del mobiliari.<\/strong><\/p>\n\n\n\n<p>     Provinc del m\u00f3n de l&#8217;arquitectura, on vaig treballar durant gaireb\u00e9 20 anys. Vaig estudiar a l&#8217;ETSAB, on vaig deixar pendent (i pendent quedar\u00e0) el projecte final de carrera.<\/p>\n\n\n\n<p>     Arran de la crisi i posterior experi\u00e8ncia de treballar durant un any en la reforma amb autoconstrucci\u00f3 d&#8217;una masia al Ripoll\u00e8s (la podeu veure en aquesta web), vaig decidir que volia dedicar-me a la fusteria, tamb\u00e9.<\/p>\n\n\n\n<p>     Aix\u00ed que des de fa uns anys aix\u00f2 \u00e9s el que faig, compagino les dues coses i, a poder ser, les treballo alhora. <strong>Intento fer servir aquests dos coneixements combinats per poder pensar els espais tenint en compte el mobiliari i poder pensar el mobiliari amb criteris arquitect\u00f2nics<\/strong>.<\/p>\n\n\n\n<hr class=\"wp-block-separator is-style-wide\"\/>\n\n\n\n<p>     Ara per ara ja em resulta impensable deixar de treballar amb les mans. <\/p>\n\n\n\n<p>     <strong>M&#8217;agrada la feina que faig i miro d&#8217;anar-hi trobant nous camins i motivacions.<\/strong><\/p>\n\n\n\n<p>     Aix\u00ed que si tens una idea boja i dubtes si proposar-me-la, endavant. <\/p>\n\n\n\n<hr class=\"wp-block-separator is-style-wide\"\/>\n\n\n\n<h4 class=\"wp-block-heading\">Com ho faig?<\/h4>\n\n\n\n<p>    Ja des de l&#8217;arquitectura, i ara encara m\u00e9s amb la fusteria, <strong>m&#8217;agradaria fer possible que el disseny a mida i personalitzat dels espais no sigui un luxe<\/strong>. Procuro dissenyar i treballar de manera que amb pressupostos baixos es pugui arribar a resultats prou satisfactoris. Si hi ha recursos est\u00e0 b\u00e9 poder treballar amb les possibilitats que aix\u00f2 ens d\u00f3na. Si no, es tracta d&#8217;adaptar disseny i materials per abaratir el proc\u00e9s sense renunciar als espais. I si cal i el client ho vol, sempre \u00e9s benvinguda la col\u00b7laboraci\u00f3 en el projecte, que tamb\u00e9 en pot abaratir els costos.<\/p>\n\n\n\n<hr class=\"wp-block-separator is-style-wide\"\/>\n\n\n\n<h4 class=\"wp-block-heading\">Quant costo? Quant costa el que faig?<\/h4>\n\n\n\n<p>\u00c9s important diferenciar els dos conceptes.<\/p>\n\n\n\n<p>El primer \u00e9s relativament fix, mentre que el segon pot variar enormement.<\/p>\n\n\n\n<p><strong>Quant costo?<\/strong><\/p>\n\n\n\n<p>Jo cobro per temps treballat. A partir d&#8217;un c\u00e0lcul inicial per poder viure amb un ingr\u00e9s digne mensual (1.500), en dedueixo un preu per mes (2.750), setmana (750) o dia (160). <\/p>\n\n\n\n<p>Aquestes xifres s\u00f3n el resultat de descomptar-hi vacances, impostos, aut\u00f2noms, local&#8230; Si alg\u00fa hi est\u00e0 interessat li ensenyo els c\u00e0lculs i n\u00fameros sense cap problema. <\/p>\n\n\n\n<p>Sempre poden ser negociables segons situacions i context, per\u00f2 s\u00f3n les xifres necess\u00e0ries perqu\u00e8 pugui seguir fent aquesta feina. \u00c9s un sistema que mirar\u00e9 d&#8217;anar perfeccionant i ajustant a la realitat canviant, per\u00f2 em sembla el m\u00e9s transparent possible.<\/p>\n\n\n\n<p>I per pressupostar una feina, faig un c\u00e0lcul del temps que porta fer-la i aix\u00f2 es tradueix en un preu (amb un marge temporal, acotat).<\/p>\n\n\n\n<p>I el material va apart, de manera que al meu salari cal afegir-hi els costos dels materials (fustes, mecanismes, llums&#8230;).<\/p>\n\n\n\n<p>I d&#8217;aquesta suma arribem al:<\/p>\n\n\n\n<p><strong>Quant costa el que faig?<\/strong><\/p>\n\n\n\n<p>En aquesta web m&#8217;hagu\u00e9s agradat poder especificar el cost de cada obra, per\u00f2 ho he descartat per no dur a confusions.<\/p>\n\n\n\n<p>I \u00e9s que en cada projecte la meva participaci\u00f3 ha estat diferent, en alguns casos he fet obra i mobiliari, en altres mobiliari dissenyat per altres, en altres he anat fent per etapes&#8230; Tamb\u00e9 els materials son diversos i de cost divers de manera que els costos s\u00f3n exageradament variables i dif\u00edcils d&#8217;explicar aqu\u00ed.<\/p>\n\n\n\n<p>Per\u00f2 per qui estigui interessat en el cost de les coses, parlem-ne sense problemes des de la primera idea.<\/p>\n\n\n\n<p>A l&#8217;apartat fustes podeu tenir preus de fustes que us poden orientar una mica a l&#8217;hora d&#8217;imaginar el vostre projecte ;).<\/p>\n\n\n\n<p><strong>Espero que gaudiu la visita.<\/strong><\/p>\n\n\n\n<p><\/p>\n\n\n\n<p><\/p>\n<!-- AddThis Advanced Settings generic via filter on the_content --><!-- AddThis Share Buttons generic via filter on the_content -->","protected":false},"excerpt":{"rendered":"<p>Em presento: S\u00f3c en Roger Pou Ciruelo. Aquesta web us intenta mostrar, per sobre, algunes de les feines que he fet els \u00faltims anys per tal que us ajudi a entendre com treballo i saber en qu\u00e8 us podria ser \u00fatil. Si teniu qualsevol dubte o voleu m\u00e9s informaci\u00f3 d&#8217;alguna de les feines m&#8217;ho comuniqueu [&hellip;]<!-- AddThis Advanced Settings generic via filter on get_the_excerpt --><!-- AddThis Share Buttons generic via filter on get_the_excerpt --><\/p>\n","protected":false},"author":1,"featured_media":0,"parent":0,"menu_order":0,"comment_status":"closed","ping_status":"closed","template":"","meta":[],"_links":{"self":[{"href":"http:\/\/espaidefusta.cat\/index.php\/wp-json\/wp\/v2\/pages\/973"}],"collection":[{"href":"http:\/\/espaidefusta.cat\/index.php\/wp-json\/wp\/v2\/pages"}],"about":[{"href":"http:\/\/espaidefusta.cat\/index.php\/wp-json\/wp\/v2\/types\/page"}],"author":[{"embeddable":true,"href":"http:\/\/espaidefusta.cat\/index.php\/wp-json\/wp\/v2\/users\/1"}],"replies":[{"embeddable":true,"href":"http:\/\/espaidefusta.cat\/index.php\/wp-json\/wp\/v2\/comments?post=973"}],"version-history":[{"count":8,"href":"http:\/\/espaidefusta.cat\/index.php\/wp-json\/wp\/v2\/pages\/973\/revisions"}],"predecessor-version":[{"id":1277,"href":"http:\/\/espaidefusta.cat\/index.php\/wp-json\/wp\/v2\/pages\/973\/revisions\/1277"}],"wp:attachment":[{"href":"http:\/\/espaidefusta.cat\/index.php\/wp-json\/wp\/v2\/media?parent=973"}],"curies":[{"name":"wp","href":"https:\/\/api.w.org\/{rel}","templated":true}]}}

<figure class="wp-block-gallery columns-1 is-cropped wp-block-gallery-1 is-layout-flex"><ul class="blocks-gallery-grid"><li class="blocks-gallery-item"><figure><a href="http://espaidefusta.cat/wp-content/uploads/2020/05/sabata.jpg"><img decoding="async" loading="lazy" width="1024" height="560" src="http://espaidefusta.cat/wp-content/uploads/2020/05/sabata-1024x560.jpg" alt="" data-id="1188" data-full-url="http://espaidefusta.cat/wp-content/uploads/2020/05/sabata.jpg" data-link="http://espaidefusta.cat/?attachment_id=1188" class="wp-image-1188" srcset="http://espaidefusta.cat/wp-content/uploads/2020/05/sabata-1024x560.jpg 1024w, http://espaidefusta.cat/wp-content/uploads/2020/05/sabata-300x164.jpg 300w, http://espaidefusta.cat/wp-content/uploads/2020/05/sabata-768x420.jpg 768w, http://espaidefusta.cat/wp-content/uploads/2020/05/sabata-1240x679.jpg 1240w, http://espaidefusta.cat/wp-content/uploads/2020/05/sabata-508x278.jpg 508w, http://espaidefusta.cat/wp-content/uploads/2020/05/sabata.jpg 1500w" sizes="(max-width: 1024px) 100vw, 1024px" /></a></figure></li></ul></figure>



<h4 class="wp-block-heading">Em presento:</h4>



<p>     Sóc en <strong>Roger Pou Ciruelo</strong>.</p>



<hr class="wp-block-separator is-style-wide"/>



<p>     Aquesta web us intenta mostrar, per sobre, algunes de les feines que he fet els últims anys per tal que us ajudi a entendre com treballo i saber en què us podria ser útil. Si teniu qualsevol dubte o voleu més informació d&#8217;alguna de les feines m&#8217;ho comuniqueu per mail i en parlem.</p>



<h4 class="wp-block-heading">Què faig?</h4>



<p>     Des de fa uns anys em dedico a <strong>combinar l&#8217;arquitectura, l&#8217;interiorisme, el disseny de mobiliari i la fabricació dels mobles</strong>. També miro d&#8217;incorporar la il·luminació als meus dissenys. I, de tant en tant, m&#8217;atreveixo amb l&#8217;obra de paleta. I, quan em criden i puc, faig de muntador a fires. </p>



<p>     M&#8217;agrada projectar i dissenyar amb la voluntat de participar de<strong> tot el procés: des del full en blanc fins l&#8217;elaboració del mobiliari.</strong></p>



<p>     Provinc del món de l&#8217;arquitectura, on vaig treballar durant gairebé 20 anys. Vaig estudiar a l&#8217;ETSAB, on vaig deixar pendent (i pendent quedarà) el projecte final de carrera.</p>



<p>     Arran de la crisi i posterior experiència de treballar durant un any en la reforma amb autoconstrucció d&#8217;una masia al Ripollès (la podeu veure en aquesta web), vaig decidir que volia dedicar-me a la fusteria, també.</p>



<p>     Així que des de fa uns anys això és el que faig, compagino les dues coses i, a poder ser, les treballo alhora. <strong>Intento fer servir aquests dos coneixements combinats per poder pensar els espais tenint en compte el mobiliari i poder pensar el mobiliari amb criteris arquitectònics</strong>.</p>



<hr class="wp-block-separator is-style-wide"/>



<p>     Ara per ara ja em resulta impensable deixar de treballar amb les mans. </p>



<p>     <strong>M&#8217;agrada la feina que faig i miro d&#8217;anar-hi trobant nous camins i motivacions.</strong></p>



<p>     Així que si tens una idea boja i dubtes si proposar-me-la, endavant. </p>



<hr class="wp-block-separator is-style-wide"/>



<h4 class="wp-block-heading">Com ho faig?</h4>



<p>    Ja des de l&#8217;arquitectura, i ara encara més amb la fusteria, <strong>m&#8217;agradaria fer possible que el disseny a mida i personalitzat dels espais no sigui un luxe</strong>. Procuro dissenyar i treballar de manera que amb pressupostos baixos es pugui arribar a resultats prou satisfactoris. Si hi ha recursos està bé poder treballar amb les possibilitats que això ens dóna. Si no, es tracta d&#8217;adaptar disseny i materials per abaratir el procés sense renunciar als espais. I si cal i el client ho vol, sempre és benvinguda la col·laboració en el projecte, que també en pot abaratir els costos.</p>



<hr class="wp-block-separator is-style-wide"/>



<h4 class="wp-block-heading">Quant costo? Quant costa el que faig?</h4>



<p>És important diferenciar els dos conceptes.</p>



<p>El primer és relativament fix, mentre que el segon pot variar enormement.</p>



<p><strong>Quant costo?</strong></p>



<p>Jo cobro per temps treballat. A partir d&#8217;un càlcul inicial per poder viure amb un ingrés digne mensual (1.500), en dedueixo un preu per mes (2.750), setmana (750) o dia (160). </p>



<p>Aquestes xifres són el resultat de descomptar-hi vacances, impostos, autònoms, local&#8230; Si algú hi està interessat li ensenyo els càlculs i números sense cap problema. </p>



<p>Sempre poden ser negociables segons situacions i context, però són les xifres necessàries perquè pugui seguir fent aquesta feina. És un sistema que miraré d&#8217;anar perfeccionant i ajustant a la realitat canviant, però em sembla el més transparent possible.</p>



<p>I per pressupostar una feina, faig un càlcul del temps que porta fer-la i això es tradueix en un preu (amb un marge temporal, acotat).</p>



<p>I el material va apart, de manera que al meu salari cal afegir-hi els costos dels materials (fustes, mecanismes, llums&#8230;).</p>



<p>I d&#8217;aquesta suma arribem al:</p>



<p><strong>Quant costa el que faig?</strong></p>



<p>En aquesta web m&#8217;hagués agradat poder especificar el cost de cada obra, però ho he descartat per no dur a confusions.</p>



<p>I és que en cada projecte la meva participació ha estat diferent, en alguns casos he fet obra i mobiliari, en altres mobiliari dissenyat per altres, en altres he anat fent per etapes&#8230; També els materials son diversos i de cost divers de manera que els costos són exageradament variables i difícils d&#8217;explicar aquí.</p>



<p>Però per qui estigui interessat en el cost de les coses, parlem-ne sense problemes des de la primera idea.</p>



<p>A l&#8217;apartat fustes podeu tenir preus de fustes que us poden orientar una mica a l&#8217;hora d&#8217;imaginar el vostre projecte ;).</p>



<p><strong>Espero que gaudiu la visita.</strong></p>



<p></p>



<p></p>
<!-- AddThis Advanced Settings generic via filter on the_content --><!-- AddThis Share Buttons generic via filter on the_content -->

<p>Em presento: Sóc en Roger Pou Ciruelo. Aquesta web us intenta mostrar, per sobre, algunes de les feines que he fet els últims anys per tal que us ajudi a entendre com treballo i saber en què us podria ser útil. Si teniu qualsevol dubte o voleu més informació d&#8217;alguna de les feines m&#8217;ho comuniqueu [&hellip;]<!-- AddThis Advanced Settings generic via filter on get_the_excerpt --><!-- AddThis Share Buttons generic via filter on get_the_excerpt --></p>
